g(n) = -15*n - 15. Let t be g(s). What is the highest common divisor of 25 and t?
5
Let w be 50/14 - (162/63 - 3). Let p = -5 + 9. Let m be -2*p/8*-76. Calculate the greatest common divisor of m and w.
4
Let f = -7751 + 7922. Let z(q) = 3*q + 4*q**2 + 29 - 28 - 2*q. Let x be z(2). Calculate the greatest common divisor of x and f.
19
Let h be (-2)/(10/(-545)) - -1. Suppose 3*v = g + 12 - h, -4*v = 2*g - 216. What is the greatest common divisor of g and 26?
26
Let h(d) be the first derivative of -d**4/4 - 31*d**3/3 - 18*d**2 + 40*d - 53. Let o be h(-30). Calculate the greatest common divisor of o and 132.
44
Let h(l) = 11*l**2 - 226*l + 71. Let w be h(26). What is the greatest common divisor of 98 and w?
7
Let k(n) = -2*n + 8. Let h be k(6). Let l = h + 124. Let o = l + -30. What is the greatest common factor of 225 and o?
45
Let p = 4559 - 4531. What is the highest common factor of 1204 and p?
28
Let s(g) be the third derivative of g**6/120 + 7*g**5/60 + g**4/8 - 2*g**3/3 + 12*g**2. Let p be s(-4). What is the highest common factor of p and 224?
32
Suppose -3*i = -i - 8. Suppose 50 = 2*m - i. Suppose -2*s = m - 123. Calculate the highest common divisor of 8 and s.
8
Let y be -1 + (2/(-1))/(-2). Suppose y = 4*c - 6*c + 62. Suppose 2*d = -c + 231. Calculate the highest common divisor of 40 and d.
20
Suppose 4*t + 56 = -2*l - 864, -4*t - l = 918. Let v = 279 + t. Calculate the highest common divisor of v and 2.
2
Let p = -138 + 362. Let k = 35 - 27. Let s be 1 + 0 + (k - -19). Calculate the greatest common factor of s and p.
28
Let u(j) be the third derivative of 10*j**4/3 + 19*j**3/2 - 144*j**2. Let f be u(2). Calculate the highest common divisor of 21 and f.
7
Let a = 13821 - 12596. What is the greatest common factor of 1715 and a?
245
Let r be ((-172)/(5 + -1))/(-1). Let o(u) = -10*u**2 + 10*u - 3. Let f be o(2). Let z = f + r. Calculate the highest common factor of 20 and z.
20
Suppose -19*c = 8*c - 3186. Let r = c + 608. Calculate the highest common factor of r and 22.
22
Suppose 2*o + 30 = 3*o. Let r(c) = -1023*c + 12321. Let d be r(12). Calculate the greatest common factor of o and d.
15
Suppose -25*q + 58191 = 16791. Calculate the highest common factor of 23 and q.
23
Let v = -119 - -231. Let g be ((-64)/v)/(4/(-126)). What is the highest common divisor of g and 48?
6
Let b = -3639 - -3918. What is the highest common divisor of b and 155?
31
Let a = -38 - 5. Let c = a - -69. Let k(y) = -2*y**2 + 126*y + 78. Let d be k(63). What is the highest common factor of c and d?
26
Suppose 107*w - 13146 = 5*w + 9090. Calculate the highest common factor of 2725 and w.
109
Let k(p) be the second derivative of 0 + 1/12*p**4 + 15*p - 1/2*p**3 + 125/2*p**2. Let q be k(0). What is the greatest common factor of q and 50?
25
Let m(t) = -179*t + 412. Let f be m(-2). What is the greatest common divisor of 154 and f?
154
Let i be 28*((-9)/(-2))/3. Let z(c) = 18*c**2 - 7*c - 9. Let w be z(-3). Let p = w - 111. Calculate the highest common factor of i and p.
21
Let n be (-8)/(-14)*195965/1650 - 6/(-45). Calculate the highest common divisor of 306 and n.
34
Let z be 924/(1*5707/(-572) + 10). Calculate the highest common divisor of 242 and z.
242
Suppose 3*x = -4*x + 6*x + 1350. What is the highest common factor of 27 and x?
27
Suppose -11*h - 200864 + 203592 = 0. Calculate the greatest common divisor of 1457 and h.
31
Let d = -417 - -1237. Calculate the highest common divisor of 100 and d.
20
Suppose 6*s + 92 = -328. Let a = 75 + s. Suppose 0 = -2*q - 5*p + 65, -a*q - 4*p + 87 = -67. What is the greatest common divisor of 15 and q?
15
Suppose 47 = -8*l + 7. Let b be 27*((-70)/l - 2). Let h be (-15)/10*(-1)/(3/b). What is the greatest common divisor of 18 and h?
18
Suppose 1134 = -177*t + 183*t. What is the greatest common factor of t and 27?
27
Suppose -5*p + 16 = 3*p. Suppose -17 + p = -5*q. What is the highest common factor of q and 30?
3
Let z(c) = -22*c + 7 + c**2 + 4 + 1 - 7*c + 2. Let l be z(29). Calculate the greatest common divisor of l and 42.
14
Let k = 4950 + -4946. What is the greatest common factor of 518 and k?
2
Suppose 4*y = -x - y + 41, y + 335 = 5*x. Suppose -4*t - 8 = 0, 24*z - 22*z - t = 694. Let r = 352 - z. What is the greatest common factor of r and x?
6
Let f(i) = -5*i - i + 1 + 7. Let g be f(6). Let o be (120/g)/(1/(-14)). Calculate the greatest common divisor of o and 15.
15
Let p(u) = -u**3 - 3*u**2 + 5*u + 4. Let h be p(-4). Suppose -4*z + 1046 + 54 = h. What is the greatest common divisor of 165 and z?
55
Suppose -10 = -2*o, -20 = -5*n + 3*o + 50. Let x(r) = -r**2 + 15*r + 41. Let d be x(n). Calculate the greatest common factor of d and 7.
7
Let d(f) = 184*f - 9. Suppose 7*g + 2*a = 2*g + 1, -5*g = -a - 7. Let l be d(g). Calculate the highest common factor of 25 and l.
25
Suppose -3*v + 8*v - 4*m - 1857 = 0, -v + 2*m + 369 = 0. Let a = 464 - v. Calculate the greatest common divisor of a and 104.
13
Let n(c) = -c**3 - 6*c**2 - 2*c + 3. Let a be n(-6). Let p = 3 + 1. Suppose -p*v = 13 - 313. Calculate the greatest common divisor of a and v.
15
Suppose 0 = -2*b + 12*u + 686, u = b - 0*u - 308. Calculate the highest common factor of b and 645.
43
Let p(t) = t**2 - 49*t + 192. Let d be p(4). Calculate the greatest common factor of d and 15588.
12
Let a be 30/(5 + 970/(-200)). What is the highest common factor of a and 250?
50
Let f(u) = 51*u - 1130. Let m be f(60). Calculate the greatest common factor of m and 579.
193
Suppose -7560 = -3*s - 41*s - 10*s. What is the highest common factor of s and 900?
20
Let v(h) = 248*h + 1072. Let x be v(-4). What is the greatest common factor of x and 160?
80
Suppose 1 = p - 3, -5*g + 2*p = -22. Let b = g + 8. Suppose -2*f + 4*h = -66, -5*f + 109 = -2*f + 4*h. What is the highest common factor of b and f?
7
Let n = -395 - -701. Suppose -4*x = -2*z - 408, n = x + 2*x - 2*z. Suppose 3*d - 152 = q, -2*d = -4*d + q + x. What is the greatest common factor of d and 20?
10
Suppose 6*h - 221 = 19. Let b be (-15)/(1 - (-11)/(-6)). Let j be b*(h/6 + 4). Calculate the greatest common factor of 24 and j.
24
Let c be (-8)/(-3)*(-60)/(-80). Suppose -3*k - 34 = -c*w, -4*w + 4*k + 84 = 6*k. Let f = 66 + -46. Calculate the greatest common divisor of f and w.
20
Let y(l) = 29*l + 512. Let z be y(-17). What is the greatest common factor of z and 475?
19
Suppose -36*r + 5*s + 294 = -32*r, 10 = -5*s. What is the highest common divisor of 11999 and r?
71
Suppose 50 = -5*m + 57 + 113. Suppose -13*d + 15*d = 360. Calculate the greatest common factor of d and m.
12
Suppose -566 = -4*m + 2*r, 13 = 5*m - r - 690. Let x be (m/126)/((-3)/(-27)). Calculate the highest common divisor of 45 and x.
5
Suppose q + 3*u = -0*q + 11, -5*q + 1 = -3*u. Suppose 2*z - 3*l = 15, 2*l + 55 = 5*z - q*l. Calculate the greatest common factor of 35 and z.
5
Let q be ((-405)/(-63) + -9)*28/(-6). What is the highest common divisor of 258 and q?
6
Let n = -134 - -131. Let s(r) = -3*r**3 - 5*r**2 + 8*r + 4. Let z be s(n). What is the highest common factor of 152 and z?
8
Let j(s) = 18*s**3 + 2*s**2 - s. Let f be j(1). Let o be -6 + 2 + 112 - -5. Let d = 189 - o. What is the greatest common factor of d and f?
19
Let j(z) = -18*z + 2. Let f be j(-3). Suppose -3*l = -4 + 7, 5*r + 5*l = 40. Suppose 0 = 11*v + r*v - 140. What is the highest common divisor of v and f?
7
Suppose -2*q - 2 = -q. Let a = q + 20. Suppose 3*y - s - 215 = 0, -4*y + 85 = -5*s - 198. What is the highest common divisor of a and y?
18
Let j = -160 - -124. Let c be ((-9)/5)/(j/(-20) + -2). Calculate the highest common divisor of c and 261.
9
Suppose 24*n - 27*n + 2067 = 0. Suppose u + n = 704. What is the highest common divisor of u and 20?
5
Let v(d) = 244 + d - 181 + 3*d. Let l be v(-14). Calculate the greatest common divisor of 70 and l.
7
Let y(c) = -c**3 + c**2 + 2*c - 378. Let k be y(0). Let a = k - -406. What is the greatest common divisor of 14 and a?
14
Let b(p) = 17*p - 24. Let v(d) = -d - 1. Let h(j) = b(j) - 6*v(j). Let x be h(2). What is the greatest common divisor of 154 and x?
14
Let f(d) = -d**2 - 23*d + 20. Let a be f(-24). Let w be -18*(7 - (-34)/a). Calculate the greatest common divisor of w and 153.
9
Let d be (8 + (-368)/48)/(4/192). Calculate the greatest common d